+ -12.
59
Evaluate 17 + (-4 + 3 + (3 - 8) - 4) + -70.
-63
Evaluate -1 - (5 + (-5 - 29) + (20 - (5 + 6))).
19
Calculate (118 - -1) + (-5915 - -5792).
-4
Calculate -32 + (-217 - -118 - -190).
59
Evaluate 5 - -1 - 2 - (-61 - (-44 - (-3 - -6))).
18
(-23 - (76 - 70)) + 99
70
What is (30 - (5 - -39)) + -8?
-22
Evaluate 1 + 73 - (154 + -261 + 143).
38
What is the value of (-7 - -12) + 70 + 4 - (13 + 3)?
63
Evaluate 24 + 9 + -76 + 39 + 70.
66
What is (-11 + -26 + -16 - -29) + 1 + 2?
-21
What is (12 - 0) + (-62 - (-81 - -49)) + -15?
-33
Evaluate 10 + (-9 + (-4 + -8 - -12) - 41).
-40
(4 + -14 - -3) + 46 + (-7 - (10 - 16))
38
Calculate -2 + -1 + 18 + -4 + -2 - 63.
-54
Calculate (20 - -9) + -21 + (-44 - -1 - (-2 - 0)).
-33
-46 - 89 - (4 - 2 - 3)
-134
-131 + (8 - -62) - -40
-21
Evaluate (0 - 30) + 76 + -88 + 6 + 7.
-29
Calculate 17 - (-52 + 17) - -8.
60
What is -4 - -7 - (28 - 45) - -11?
31
-4105 - -4134 - (-1 - -77)
-47
What is 77 + (-11 + (94 - 33) - 33)?
94
(19 - (86 - (12 + 12))) + -38
-81
What is the value of (636 - 642) + 84 + -7?
71
What is the value of -35 + 3 + (210 - (58 + 27))?
93
Evaluate -2 + -2 + -6 + -62 + 59 + (3 - 1).
-11
What is 1 - 7 - (-1 + -3 - (-181 - -189))?
6
What is 33 + 1 + -12 + 9 + -330 + 326?
27
Evaluate (-60 - -42 - 19) + -12 + -2 + 21.
-30
22 + (24 - 37) + -35 + 15
-11
0 + (2 - 5) + (-617 - -583) - 4
-41
Evaluate 1256 - 1231 - (-2 - (2 - 31)).
-2
Evaluate 139 + (25 - 38) - 65.
61
Calculate (-99 - (43 - 85)) + (-10 - (2 + 0)).
-69
Calculate -170 + 302 - (-11 - -2) - (15 + 3).
123
Calculate -144 - (-29 - (18 - (-16 + 54 + 0))).
-135
What is (-1123 - -1083 - (-25 - 0)) + -3?
-18
Evaluate 10 - (57 + -68 + 7 + 2) - 50.
-38
What is 4 + (11 - 5 - (-14 + 28 - -3) - 42)?
-49
(-29 - 2) + -3 + 24 + -33
-43
What is the value of (35 - (6 - -8)) + -21 + 39 + -13?
26
What is (102 - (109 - 6)) + 12?
11
Evaluate 94 - (244 - 113) - ((-9 - 0) + -2 + 2).
-28
What is -67 - -7 - (-26 - (-22 - -14))?
-42
7 + -70 - (25 - (46 + -8))
-50
Calculate -38 - (122 - (126 - -3)).
-31
Evaluate 59 + -149 + 72 - 3.
-21
Evaluate (93 - -2) + (3130 - 3223).
2
Evaluate (6 - (-12 - -71)) + 86.
33
What is (-55 - -70 - (-1 - -25) - -17) + -55?
-47
Calculate 9 - -2 - (-13 + (-37 - -34)).
27
(-60 - -19 - -41) + 0
0
Evaluate 3 + (9 - 36) + -25.
-49
What is the value of (-1 - (79 + 4)) + 10 + (-3 - 6 - -5)?
-78
(-2 + 62 - 0) + -1540 + 1531
51
Calculate 18 + (-56 - (-27 + 4)) + 41.
26
-88 + 94 - (7 + -1 + -12)
12
What is the value of (-1 - -1 - 41) + (874 - 857)?
-24
-5 + (-20 - -11) + 29 - 6
9
What is (-3 + -1 + 8 + 5 - 0) + 365 + -362?
12
What is the value of -90 + 65 + (127 - 150)?
-48
What is the value of -23 - -92 - 123 - -77?
23
38 + (-57 - (-54 - -7))
28
Evaluate (145 - 97 - 155) + 52.
-55
Evaluate 187 + 18 + -51 - 104.
50
What is (9 - 0 - ((-10 - 63) + 17)) + 7 + -2?
70
What is the value of 4 - (3 + -17 + 5) - 26 - 5?
-18
What is the value of 8 - -7 - (23 + 5) - (-6 + -6 + 7)?
-8
What is (-8 - (-4 + 7)) + (4 - 0 - -3)?
-4
Evaluate (1 - (-34 - -42)) + (-1 - 53).
-61
Evaluate 3 + 19 + (13 - (60 - 15)).
-10
What is (-6 + 38 + -6 - 14) + (19 - 1) + -1?
29
-349 - (-10 - 388) - (1 - -140)
-92
What is (0 - (27 - 14)) + 0 - -23 - -90?
100
-15 + 17 + (21 - 34) + 27
16
What is the value of -17 + ((14 - -9) + -24 - 59)?
-77
What is the value of (11 + -68 - -12) + 14 - -5 - (0 + 3)?
-29
Calculate (0 - -42) + 52 + (-18 - -3).
79
(6 - -7) + (-11 - 15)
-13
What is the value of 12 + (1 - (1 + -7 + 19)) + -3 + -1?
-4
Calculate -15 + 25 + (30 - 36) + -1 + 1.
4
What is the value of (-1 - (-22 + 0)) + 68306 + -68289?
38
2 + -57 - (6 + 10 - -2 - 28)
-45
Calculate 46 - 13 - -7 - -4.
44
Calculate -8 + 11 + (-16 + 13 - -68) + (-4 - -7).
71
What is the value of 18 + 24 + -13 + -18 + (0 - 22)?
-11
Calculate -4 + -14 + 20 + -13 + (2 - -6 - 4).
-7
What is the value of 169 - (223 + -28) - ((-1 - -2) + -9)?
-18
5 + -36 + 8 + 12
-11
Calculate 0 - (-12 + 14 + -117 - ((-1 - 10) + -1)).
103
What is (15 - 70) + -6 + -1 + (1 - -27) + -17?
-51
Calculate (46 - 23) + -86 - (-22 - -2).
-43
What is the value of 4 + 33 + -27 + 22 + -11?
21
Calculate 57 + (-1 - 2) + (-8 - (-23 + 10)).
59
What is -14 + 28 + 1 + -555 + 597?
57
What is the value of 28 + -1 + (-790 - -782)?
19
Evaluate 0 + -60 - ((190 - 239) + 18).
-29
What is the value of (-25 - (-73 + 32)) + (12 - -1)?
29
Calculate -50 + (40 - (-12 + 49)).
-47
29 - (-6 - -13) - 33 - (-38 - 3)
30
Calculate (5 + -25 - -4) + (-25 - 0).
-41
Calculate -72 - ((-4 - 18) + 18 - (2 + -3)).
-69
What is the value of -55 + 26 + 78 + -49?
0
(-3 + -2 - (7 - 23)) + 27
38
Calculate (9 - 4) + (-10 - -2 - 1) - -5 - 6.
-5
What is 112 - (23 - (41 - 52))?
78
What is (-23 - -4) + (-85 - -64)?
-40
Evaluate 21 + -80 + 18 - -25.
-16
What is 87 + -2 + 25 + -2 + 240 + -243?
105
What is the value of (-104 - (-4 - 8 - 5)) + 30?
-57
48 + 68 + 31 + -86
61
What is the value of (-16 - (8 - 7) - -13) + -108 + 9?
-103
(-7 - -50) + -9 + 339 + -323
50
What is the value of 2 + -9 + 44 - (-9 + 22)?
24
Evaluate -15 - (0 - 17 - (-3 + -4)) - 62.
-67
119 + (-136 - -38) + (-5 + 2 - -3)
21
What is the value of -3 - (-72 + 30) - (43 - -9)?
-13
What is the value of 8 - 56 - (143 - 191) - 129?
-129
What is 39 + (11 - (-6 + (-50 - -45)))?
61
Evaluate (0 - -82 - 2) + -14 + (-31 - -32).
67
228 - (-148 + 139 + 132)
105
What is -32 + (16 - (-13 + 24) - 28)?
-55
(17 - (17 - 13 - -51 - 3)) + -13
-48
Evaluate -45 - (-2 - -4) - (-7 - (-1 - 5 - 8)).
-54
Evaluate 14342 - 14408 - (-175 + 0).
109
Calculate 16 + -36 + 25 + (-5 - 6) + -65.
-71
What is -70 + (-8 - -4) + 49?
-25
Calculate (-13 - (-106 - -13)) + -36 + -109.
-65
Evaluate -20 + -3 + 39 + 34 + -33.
17
What is -1 + 28 - (-613 - -717)?
-77
Calculate (9 - -3 - 11 - -13) + 15.
29
(22 - (1 + -4)) + (-4 - 0)
21
What is ((-13 - -39) + -22 - 14) + -22?
-32
36 + -51 - -15 - (-1 - -26 - 2)
-23
What is the value of -114 + 70 + 59 + (-64 - 0)?
-49
What is (-20 - 5) + 25 - (4 + -2 + 23)?
-25
-5 + (24 - -26 - 52)
-7
Evaluate (79 - (218 - -47)) + 122.
-64
Calculate 81 + (-5 - (6 - (12 + -24))).
58
-26 + -17 + 66 + -16
7
Calculate -4 + 0 + 0 + -8 + 152 + -140 + 24.
24
-293 + 303 - (-6 + -46)
62
What is 10 - (49 - (-12 + 8))?
-43
What is the value of 2 - (30 + -18) - (9 - (-1 + -5))?
-25
Evaluate 358 - 335 - (-20 + 2) - (4 + -15).
52
What is the value of -7 + 19 + -23 - (19 - -11)?
-41
What is 1 - 47 - (-117 + 63)?
8
What is the value of (6 - -5) + -508 + 474?
-23
What is 70 + (-15 - -12) + -17 - (5 + (-3 - -3))?
45
Calculate 7 - 9 - (-6 + (28 - 16)) - -26 - -15.
33
What is 6 - (-23 + 19 - ((7 - 7) + -10))?
0
-108 + (-1 + 24 - (-1546 + 1544))
-83
What is -110 + (-36 - -52) + -14?
-108
What is (15 - (-4 - (33 + -24))) + (-10 - -1) + 0?
19
Calculate -4 - ((2 + 5 - -3) + (197 - 206)).
-5
Evaluate -28 - (1 + -8 - (232 + -175)).
36
76 + (50 - 82) + -29
15
Calculate 6092 + -6101 - (-52 - (2 - 3)).
42
What is -44 + 35 + 0 + 17 - (-5 + 3 - 0)?
10
-39 - 3 - ((-3 - -20 - 13) + -4)
-42
What is -26 + -26 + 73 + -2?
19
Calculate 5 + (3 - -2) + 84 + -109.
-15
38 + 23 + 20 + -100
-19
507 + -502 + (25 - (-6 + 0))
36
Evaluate 10 - (-5 - (-13 - (2 + -19) - 4)).
15
Calculate 34 + (118 - 115 - (3 + -6 - (-8 - -1))).
33
What is the value of 54 + 9 + -8 - (56 - 36)?
35
What is the value of -976 - -959 - (-31 + 0)?
14
Evaluate (65 + -102 - 12) + 2 + 1 + 3.
-43
Calculate 20 + (17 - (-6 - (17 - 29))).
31
What is the value of -22 + (-96 - (-15 + -143))?
40
What is -87 + 11 + 2 + 12 + 6?
-56
Evaluate -13 - -6 - -8 - 5 - ((-21 - -42) + -16).
-9
-9 + -6 + -205 + 211 + -9 + -1
-19
Evaluate -5 + -100 + 256 - (24 + -3).
130
What is the value of -31 + 9 + -24 + 88 - (9 + 2)?
31
Evaluate -22 + (-358 - -357) + (1 - 23) + 24.
-21
30 - 7 - 1 - (-96 + 102)
16
What is 68 + -41 + -34 - (1 - -1 - 33)?
24
Evaluate -88 + -3 - (20 - 0 - 48 - -34).
-97
172 + 35 + -110 + -31
66
Evaluate 13 + 6 + 22 + 8 - 4.
45
Evaluate -12 - ((102 - (-1 + 1)) + (21 - -12 - 31)).
-116
What is 276 - 247 - (-7 + 34)?
2
-31 - -44 - -23 - 23 - (2 + -12)
23
Calculate (2 - 0) + (-76 - -46 - -38) + 15 + 3.
28
What is the value of -7 + 7 + 1 - (-39 + 14 + -8 + 15)?
19
Calculate (51 - (126 - 126)) + (-20 - -3).
34
Evaluate 73 - ((0 - -3) + -7 + 7 + 7).
63
Evaluate (1 - 2) + -10 - (1 - (120 - 107)).
1
What is the value of 31 + (4 - (-33 - 6 - -